g + 1475 = i, -21*g = -9*g + 5*i - 4415. Does 22 divide g?
False
Let z = 9261 + -8411. Does 34 divide z?
True
Suppose -r + 55 = 3*q, 0 = -3*r - 0*q - 2*q + 137. Let t be (-2)/(-6)*(5 + r). Does 10 divide ((-20)/6)/(t/(-240))?
True
Let f(u) = 7*u**2 - 2*u**2 + 0*u**2 - 6*u + 8. Is 15 a factor of f(3)?
False
Suppose -4*n - 24 = -3*d + 7*d, d - 5*n + 18 = 0. Let i be 1*(0 - (d - -4)). Suppose 0 = i*f, 5*y - f = 32 + 48. Does 6 divide y?
False
Suppose -1171*w + 1157*w = -79338. Is w a multiple of 48?
False
Let r be 5/(25/(-2))*(-20)/8. Let z be r/(-1*4/(-36)). Suppose z*s + 3*s - 1740 = 0. Is s a multiple of 13?
False
Let k(r) = -r**2 - 13*r - 5. Let p be k(-12). Suppose -205 - 789 = -p*a. Suppose 5*z = -2*l + a, l = -3*z + 2*z + 29. Does 4 divide z?
True
Let v(m) = m**3 - 5*m**2 - 2*m - 1. Let a be v(6). Suppose 5*c - 3 = -a. Is 11 a factor of 15/5 - 5*c?
False
Suppose -m - 15 = -0*a - 4*a, 2*a + 10 = 4*m. Suppose -m*q - 781 = 59. Let i = q + 377. Is i a multiple of 27?
False
Let z(q) be the third derivative of -q**5/30 + q**4/4 + q**3/3 + 27*q**2. Let j(o) be the first derivative of z(o). Is 14 a factor of j(-2)?
True
Let f = 6546 - -11142. Is 66 a factor of f?
True
Suppose 4 = 3*n - 95. Is 16 a factor of n/22*(-1984)/(-6)?
True
Suppose 2*u - 60 = -3*z, 2*u - 5*z = 40 - 12. Suppose -46 = -4*c + 98. Let b = c - u. Is 4 a factor of b?
True
Suppose 5*b - 133 = 22. Suppose -5*r = 4 + b. Let y(w) = -w**3 - 4*w**2 - 5*w + 7. Does 37 divide y(r)?
False
Let h(p) = 1662*p - 24. Let t be h(2). Suppose z + t = 16*z. Is 20 a factor of z?
True
Suppose -2*o + 5*v + 70 = 3*o, v + 2 = 0. Is 21 a factor of (-2)/(-4) - (-510)/o?
False
Let i(m) = m**3 - 8*m**2 + 6*m - 10. Let s be i(8). Suppose s*c - 42*c = -84. Is c a multiple of 3?
True
Suppose -7*n + 1065 = -369 - 372. Does 8 divide n?
False
Let r = -86 - -77. Let o = 81 - r. Is 3 a factor of o?
True
Let s(o) = -72*o**2 + o + 8340. Is 12 a factor of s(0)?
True
Suppose -2*l + 168*k = 172*k - 52480, 3*l + 2*k - 78688 = 0. Does 172 divide l?
False
Suppose 6*w + 2*w = 5448. Let s = w - -9. Does 9 divide s?
False
Let x(s) = -s**3 - 8*s**2 + 2*s + 2. Let q be x(-11). Suppose i = -3*g - q, -2*g + 4*i - 372 + 134 = 0. Let d = 325 + g. Does 30 divide d?
True
Let u = 58 - 59. Let k be (15 + -18)*(2 + u). Is 8 a factor of (-3)/k - (0 - (-3 - -42))?
True
Let v(k) = 8 - 6 - 35 - 49 - 24*k. Is v(-8) a multiple of 9?
False
Let c be 0 + 6 + 1 + -3. Suppose 179 = 5*a + c. Suppose -a - 35 = -5*d. Does 7 divide d?
True
Let h(m) = -11*m**2 - 167*m - 34. Let z be h(-17). Let n = -38 - z. Is n a multiple of 4?
True
Suppose 20*l + 423 = 11*l. Let m = 126 + l. Is m a multiple of 79?
True
Let d(f) = -7*f - 340. Let g be d(-30). Let t = 4 + -1. Is 16 a factor of 6/(-9)*t - g?
True
Suppose -3603*l + 3639*l - 509544 = 0. Does 14 divide l?
True
Suppose -3*s - 9 = -5*l, 9*s - 4*s = -4*l + 22. Let g(r) = -13*r + 3. Let c be g(s). Let p = 83 + c. Is 11 a factor of p?
False
Let p = -4285 - -6001. Suppose 7*j - 11*j - p = -2*g, -3*g - 5*j = -2585. Does 21 divide g?
False
Let q(n) be the second derivative of 5*n**2 - 16*n - 1/20*n**5 + 0 + 13/6*n**3 + 5/6*n**4. Does 16 divide q(11)?
True
Suppose s - 5*n = -23, -5*n + 23 - 13 = 0. Does 15 divide (-12)/78 + (-1744)/s?
False
Let h(f) = f**2 - 3*f - 22. Suppose -30 = -6*i + 18. Let q be h(i). Is 6 a factor of 2/q*177 + 4/(-6)?
False
Suppose -514*y + 5526114 + 3417486 = 0. Does 174 divide y?
True
Suppose -5*p = 4*h - 185, -23*p = -21*p - h - 61. Does 33 divide p?
True
Is 82 a factor of 5839/(-3 - (-11 + 7))?
False
Suppose g - 501 + 47 = 0. Let b = g - 193. Is b a multiple of 36?
False
Let t(i) = -33*i + 55. Let d(g) = -4*g**2 - 2*g - 1. Let k be d(-1). Is t(k) a multiple of 11?
True
Let c be (-13)/(-4) - (44/(-16) - -3). Suppose 43 = f + 2*k, -k - 149 = -c*f + 3*k. Does 3 divide f?
False
Suppose -26*a + 42*a - 16671 = 13*a. Is 20 a factor of a?
False
Let l(d) = 854*d**2 + 5*d + 9. Let v be l(-2). Suppose 8*k = 3*k + 2*i + 3422, 5*k + 5*i = v. Is 57 a factor of k?
True
Let k(o) = -88*o - 33 + 3 - 19. Does 17 divide k(-5)?
True
Suppose 9 = 3*s, 2*j = 3*s - 6*s + 1113. Suppose -104*p + 100*p = -j. Does 8 divide p?
False
Let g be (-296)/(-7) + (-14)/49. Let z(u) = 2*u**2 + 14. Let y be z(-5). Let f = y - g. Is 11 a factor of f?
True
Let g = -23 + 26. Let o be (-4 + 26/6)*g. Let c(q) = 15*q**3. Is c(o) a multiple of 3?
True
Suppose -4*p + 15 = 11. Is 3 a factor of 5 + -11 + 270*p?
True
Suppose -12*k - 12870 = -30*k. Is 19 a factor of (k/(-2))/(33/(-66))?
False
Let c(w) = w**3 + 11*w**2 - 3*w + 5. Let n be c(-11). Suppose -n*x + 38 = -36*x. Let r = 79 + x. Is r a multiple of 47?
False
Suppose -x - 5*s = -454, 3*x - 1326 = -10*s + 7*s. Let l = 175 - 483. Let j = l + x. Does 17 divide j?
False
Suppose 17*j = -0*j + 29172 + 143157. Does 109 divide j?
True
Let a(b) = 2*b**2 + 2*b - 3. Let g be a(2). Let p(f) = -2*f - 75 - 75 + 138 + 8*f. Is 6 a factor of p(g)?
True
Suppose 0 = -r - 356 + 379. Let y(l) = -l**2 + 28*l + 61. Is 16 a factor of y(r)?
True
Let b(k) = -k**3 + 14*k**2 + 10*k - 32. Let o be -2 + (5 - (-1 - -2))*1. Suppose -30 = -2*z + i, -3*z + o*z - 2*i = -10. Is b(z) a multiple of 12?
True
Suppose -8220 = -v + 5*z, -80*v - z - 49204 = -86*v. Does 36 divide v?
False
Suppose 33*g - 957570 + 389970 = 0. Is 12 a factor of g?
False
Let m(c) = -c**2 - 2*c + 19. Let f be m(-5). Suppose 16 - f = 4*k. Is 33 a factor of 2/10 + (-1648)/(-10) - k?
False
Let t = 121 + 64. Suppose -102*k + 97*k + t = 0. Suppose -k = -j + 55. Is j a multiple of 23?
True
Let w(l) = -l + 7. Let k be w(4). Suppose 3*t = -3*n - 6, t - 3 = -k*n + 1. Let g = 13 + t. Is g a multiple of 8?
True
Let q(x) = -39*x**3 - 2*x + 21. Is 22 a factor of q(-5)?
True
Suppose 2*p + 672 = s + 7*p, -3*p + 2016 = 3*s. Does 2 divide s?
True
Let g = 388 - 384. Suppose -4*k + 173 + 626 = 5*p, g*k = p + 781. Is k a multiple of 40?
False
Let l be ((-22)/(-55))/((-2)/(-10)). Suppose -3*s - 12 - 21 = -4*o, 20 = l*o + 2*s. Is 5 a factor of o?
False
Let r = 9216 + 1808. Is 13 a factor of r?
True
Let b be 1/(((-13)/4)/13). Let x(u) = u**3 + 13*u**2 - 5*u - 20. Does 9 divide x(b)?
True
Let y = -22 + 8. Let f(r) = -2*r**3 + 16*r**2 - 17*r - 7. Let h(n) = -5*n**3 + 33*n**2 - 36*n - 13. Let w(i) = -7*f(i) + 3*h(i). Does 13 divide w(y)?
True
Suppose -65*v - 68376 = -76*v. Is v a multiple of 14?
True
Let i(j) = -5*j**3 + 4*j**2 + 92*j + 11. Let c be i(-9). Let s = c - 1864. Is 14 a factor of s?
True
Let z(i) = i + 31. Let m be z(-20). Suppose 1245 = 4*k - 5*c, -m*k - 960 = -14*k - 5*c. Does 45 divide k?
True
Let a(z) = z**3 - 15*z**2 + 30*z + 11. Let k = 257 - 242. Does 13 divide a(k)?
False
Suppose 212*l - 216*l + 28560 = 3*m, 0 = 3*m - 3*l - 28581. Does 32 divide m?
False
Let m(c) = 2*c**3 + 35*c**2 - c - 34. Is 10 a factor of m(-16)?
True
Let c = -112 + 148. Suppose 2*z - 2*h + c - 590 = 0, -1389 = -5*z + h. Does 12 divide z?
False
Let b(w) = -4*w**3 + w**2 + 17*w + 17. Let m be b(-1). Let u(f) = -f**2 + 1. Let y be u(1). Suppose -m*g + 5*n + 35 = y, 0*n + 41 = 3*g + n. Does 3 divide g?
True
Let t = -147 - -157. Suppose 0 = -t*g + 8*g + 324. Does 54 divide g?
True
Let k(g) = -3*g + 6. Suppose 3*j = -4*y + 2*y + 9, 5*y + 4*j = 19. Suppose -5*p = y*q + 34, 0*q - 3*p - 38 = 4*q. Does 10 divide k(q)?
True
Suppose 4*g = -4*x + 33 + 31, 0 = -x - 4*g + 31. Let f = 53 - x. Let y = f + -14. Is y a multiple of 15?
False
Let m be 10/6*2 + (-1)/3. Suppose 0*w - 3*w = -m*d + 36, -d + 2*w + 16 = 0. Suppose -14 - d = -2*r. Is r a multiple of 11?
True
Let k(y) = 2*y + 212. Let j be k(23). Suppose 238*d + 4140 = j*d. Is 9 a factor of d?
True
Suppose -6*u = -39 + 15. Suppose 0 = u*a - 0 - 32. Is (-24)/(-18)*18/a a multiple of 3?
True
Suppose 550815 = 4975*s - 4925*s + 49215. Is s a multiple of 36?
False
Suppose 2*c = 381*b - 378*b + 29, -53 = -5*c + b. Let z = 223 + -68. Suppose -c*w = -5*w - z. Is w a multiple of 28?
False
Let b be (52/(-12))/(2/(-150)). Suppose 4*p + b = -p. Let r = p - -135. Is 5 a factor of r?
True
Let r(d) = -3*d**3 + 25*d**2 + 151*d + 280. Does 83 divide r(-14)?
False
Let j(m) be the second derivative of -m**5/20 - m**4/6 + 2*m. Let u be j(-3). Suppose -u*g - 476 = -11*g. Is g a multiple of 52?
False
Suppose -430 = h + 4*w, -2*h = 4*w + 869 - 5. Let d = h + 